s divided by 274?
39
What is the remainder when 1237782 is divided by 2691?
2613
Calculate the remainder when 51743380 is divided by 266.
262
Calculate the remainder when 11707290 is divided by 527.
512
What is the remainder when 64475 is divided by 405?
80
Calculate the remainder when 114047935 is divided by 2337.
2335
Calculate the remainder when 979871 is divided by 8.
7
What is the remainder when 254564 is divided by 254496?
68
What is the remainder when 696380 is divided by 76?
68
What is the remainder when 229565 is divided by 4324?
393
What is the remainder when 149422 is divided by 1738?
1692
Calculate the remainder when 31477 is divided by 248.
229
What is the remainder when 315976 is divided by 17?
14
What is the remainder when 573759 is divided by 38247?
54
What is the remainder when 341014 is divided by 66?
58
Calculate the remainder when 1215242 is divided by 157.
62
Calculate the remainder when 811051 is divided by 16895.
91
What is the remainder when 250102 is divided by 5247?
3493
Calculate the remainder when 121429537 is divided by 483783.
4
Calculate the remainder when 88869547 is divided by 574.
571
What is the remainder when 273426288 is divided by 4051?
4043
Calculate the remainder when 6017665 is divided by 849.
802
Calculate the remainder when 5337942 is divided by 310.
52
Calculate the remainder when 6741184 is divided by 24.
16
Calculate the remainder when 342004 is divided by 7631.
6240
Calculate the remainder when 142631371 is divided by 4457230.
11
Calculate the remainder when 193475 is divided by 3512.
315
What is the remainder when 15252 is divided by 814?
600
Calculate the remainder when 1849912 is divided by 924950.
12
Calculate the remainder when 460952 is divided by 10450.
1152
Calculate the remainder when 97712 is divided by 348.
272
Calculate the remainder when 15390336 is divided by 7695148.
40
Calculate the remainder when 54780 is divided by 4547.
216
What is the remainder when 831246 is divided by 2431?
2275
Calculate the remainder when 2786519 is divided by 164.
159
Calculate the remainder when 146418291 is divided by 14.
5
What is the remainder when 8967323 is divided by 104?
27
Calculate the remainder when 13331043 is divided by 3729.
3597
What is the remainder when 99459005 is divided by 24864750?
5
Calculate the remainder when 52495629 is divided by 44.
21
Calculate the remainder when 28047038 is divided by 1214.
1210
Calculate the remainder when 23659 is divided by 5501.
1655
Calculate the remainder when 2110190 is divided by 12867.
2
What is the remainder when 751532 is divided by 1182?
962
What is the remainder when 83404 is divided by 521?
44
Calculate the remainder when 11810701 is divided by 388.
369
Calculate the remainder when 181243 is divided by 60258.
469
What is the remainder when 42142288 is divided by 167?
5
Calculate the remainder when 396334 is divided by 294.
22
What is the remainder when 1233802 is divided by 34?
10
Calculate the remainder when 23821685 is divided by 6.
5
Calculate the remainder when 750021 is divided by 375.
21
What is the remainder when 796971 is divided by 796937?
34
Calculate the remainder when 739457 is divided by 52761.
803
What is the remainder when 1170111 is divided by 388408?
4887
What is the remainder when 127539475 is divided by 41?
37
Calculate the remainder when 35733346 is divided by 2177.
68
Calculate the remainder when 3951491 is divided by 493936.
3
Calculate the remainder when 924130 is divided by 2787.
1633
Calculate the remainder when 1097485 is divided by 2632.
2573
Calculate the remainder when 2600353 is divided by 49.
21
What is the remainder when 1006759 is divided by 5059?
18
Calculate the remainder when 12881990 is divided by 1355.
5
Calculate the remainder when 756755 is divided by 755588.
1167
What is the remainder when 1690565 is divided by 806?
383
Calculate the remainder when 218468609 is divided by 33.
29
What is the remainder when 2124587 is divided by 24?
11
What is the remainder when 71170527 is divided by 1208?
1207
Calculate the remainder when 197681230 is divided by 336.
334
What is the remainder when 119522001 is divided by 114925?
1
Calculate the remainder when 3198893 is divided by 835.
8
Calculate the remainder when 287948 is divided by 71974.
52
What is the remainder when 2936790 is divided by 133488?
54
Calculate the remainder when 88721 is divided by 86076.
2645
What is the remainder when 37917299 is divided by 170?
159
What is the remainder when 570698 is divided by 820?
798
What is the remainder when 21376 is divided by 10451?
474
What is the remainder when 1262052 is divided by 14341?
44
What is the remainder when 4977974 is divided by 107?
13
What is the remainder when 1823508 is divided by 315?
288
What is the remainder when 611270 is divided by 326?
20
Calculate the remainder when 2055465 is divided by 57096.
9
Calculate the remainder when 381797 is divided by 406.
157
What is the remainder when 2427752 is divided by 681?
668
Calculate the remainder when 1069327 is divided by 1850.
27
What is the remainder when 1031820 is divided by 19466?
122
What is the remainder when 1388484 is divided by 6741?
6579
Calculate the remainder when 365102596 is divided by 161.
159
What is the remainder when 732903 is divided by 73271?
193
What is the remainder when 20838191 is divided by 35?
31
What is the remainder when 84534 is divided by 41834?
866
Calculate the remainder when 5221820 is divided by 377.
370
What is the remainder when 13494 is divided by 605?
184
What is the remainder when 59566248 is divided by 69?
66
What is the remainder when 36231 is divided by 36082?
149
What is the remainder when 4791805 is divided by 2170?
445
Calculate the remainder when 31679284 is divided by 411419.
21
What is the remainder when 5795403 is divided by 9?
6
What is the remainder when 68854138 is divided by 421?
9
What is the remainder when 140970 is divided by 522?
30
Calculate the remainder when 175543 is divided by 25023.
382
What is the remainder when 64569909 is divided by 170?
169
Calculate the remainder when 6990094 is divided by 753.
748
Calculate the remainder when 11703255 is divided by 10266.
15
What is the remainder when 11374 is divided by 4227?
2920
What is the remainder when 54378603 is divided by 19?
14
What is the remainder when 22631828 is divided by 7543941?
5
What is the remainder when 1536486 is divided by 384118?
14
Calculate the remainder when 120752 is divided by 30187.
4
Calculate the remainder when 53179 is divided by 17397.
988
What is the remainder when 6262903 is divided by 297?
64
Calculate the remainder when 10253327 is divided by 188.
183
Calculate the remainder when 10449563 is divided by 14574.
5
Calculate the remainder when 175193 is divided by 34853.
928
Calculate the remainder when 41267828 is divided by 87.
74
What is the remainder when 177689 is divided by 1676?
33
What is the remainder when 40817 is divided by 1159?
252
Calculate the remainder when 191465658 is divided by 190.
188
Calculate the remainder when 141587545 is divided by 115.
5
What is the remainder when 69461 is divided by 598?
93
Calculate the remainder when 20853657 is divided by 468.
45
What is the remainder when 16221814 is divided by 117?
115
Calculate the remainder when 5795857 is divided by 482988.
1
What is the remainder when 272764419 is divided by 54?
51
Calculate the remainder when 1997400 is divided by 1322.
1180
Calculate the remainder when 6929 is divided by 428.
81
Calculate the remainder when 733236 is divided by 38589.
45
What is the remainder when 5197497 is divided by 4178?
65
Calculate the remainder when 5073181 is divided by 59683.
126
What is the remainder when 458344 is divided by 1259?
68
What is the remainder when 447428 is divided by 447?
428
What is the remainder when 72717 is divided by 1008?
141
Calculate the remainder when 181851 is divided by 90775.
301
What is the remainder when 8948743 is divided by 83?
15
What is the remainder when 194798 is divided by 64672?
782
What is the remainder when 30151434 is divided by 145?
134
What is the remainder when 1196151 is divided by 1175?
1
Calculate the remainder when 2322067 is divided by 80071.
8
What is the remainder when 1119791 is divided by 238?
1
Calculate